{"id":124,"date":"2017-02-16T10:53:26","date_gmt":"2017-02-16T10:53:26","guid":{"rendered":"http:\/\/redextremaduraverde.org\/web\/?page_id=124"},"modified":"2018-11-05T09:59:41","modified_gmt":"2018-11-05T09:59:41","slug":"red-social-verde-extremena","status":"publish","type":"page","link":"https:\/\/www.redextremaduraverde.org\/web\/proyecto\/red-social-verde-extremena\/","title":{"rendered":"Red social verde extreme\u00f1a"},"content":{"rendered":"<p>Este proyecto consisten en la creaci\u00f3n de una herramienta en internet que permita la interacci\u00f3n y espacio de encuentro entre las personas interesadas en desarrollarse profesionalmente y poner en marcha proyectos relacionados con iniciativas verdes y econom\u00eda circular.<\/p>\n<h1>DESTINATARIOS<\/h1>\n<p>Poblaci\u00f3n en general<\/p>\n<h1>OBJETIVOS<\/h1>\n<ul>\n<li>Crear una herramienta en internet para orientar hacia actividades verdes y econom\u00eda verde.<\/li>\n<li>Desarrollar un modelo de especializaci\u00f3n inteligente.<\/li>\n<li>Desarrollar una econom\u00eda verde impulsada por la ciudadan\u00eda.<\/li>\n<li>Desarrollar un marco regional de concienciaci\u00f3n masiva a toda la poblaci\u00f3n extreme\u00f1a<\/li>\n<li>Crear una cultura verde basada en econom\u00eda circular.<\/li>\n<li>Convertir el cambio clim\u00e1tico en oportunidad para el desarrollo de nuevas profesiones.<\/li>\n<li>Crear una red social en base a proyectos.<\/li>\n<li>Crear comunidades de personas trabajando en torno a proyectos.<\/li>\n<\/ul>\n<h1>ACTUACIONES<\/h1>\n<ul>\n<li>1 herramienta tecnol\u00f3gica.<\/li>\n<li>Creaci\u00f3n de una Red Social Verde.<\/li>\n<li>Recopilaci\u00f3n y maquetaci\u00f3n de iniciativas.<\/li>\n<\/ul>\n<h1>M\u00c1S INFORMACI\u00d3N<\/h1>\n<ul>\n<li><a href=\"https:\/\/extremadura2030.com\/redsocialverde\">https:\/\/extremadura2030.com\/redsocialverde<\/a><\/li>\n<\/ul>\n","protected":false},"excerpt":{"rendered":"<p>Este proyecto consisten en la creaci\u00f3n de una herramienta en internet que permita la interacci\u00f3n y espacio de encuentro entre las personas interesadas en desarrollarse profesionalmente y poner en marcha proyectos relacionados con iniciativas verdes y econom\u00eda circular. DESTINATARIOS Poblaci\u00f3n en general OBJETIVOS Crear una herramienta en internet para orientar hacia actividades verdes y econom\u00eda verde. Desarrollar un modelo de especializaci\u00f3n inteligente. Desarrollar una econom\u00eda verde impulsada por la ciudadan\u00eda. Desarrollar un marco regional de concienciaci\u00f3n masiva a toda la&hellip;<\/p>\n","protected":false},"author":3,"featured_media":0,"parent":19,"menu_order":0,"comment_status":"closed","ping_status":"closed","template":"","meta":{"jetpack_post_was_ever_published":false,"footnotes":""},"class_list":["post-124","page","type-page","status-publish","hentry"],"jetpack_sharing_enabled":true,"jetpack_shortlink":"https:\/\/wp.me\/P9MpCs-20","_links":{"self":[{"href":"https:\/\/www.redextremaduraverde.org\/web\/wp-json\/wp\/v2\/pages\/124","targetHints":{"allow":["GET"]}}],"collection":[{"href":"https:\/\/www.redextremaduraverde.org\/web\/wp-json\/wp\/v2\/pages"}],"about":[{"href":"https:\/\/www.redextremaduraverde.org\/web\/wp-json\/wp\/v2\/types\/page"}],"author":[{"embeddable":true,"href":"https:\/\/www.redextremaduraverde.org\/web\/wp-json\/wp\/v2\/users\/3"}],"replies":[{"embeddable":true,"href":"https:\/\/www.redextremaduraverde.org\/web\/wp-json\/wp\/v2\/comments?post=124"}],"version-history":[{"count":3,"href":"https:\/\/www.redextremaduraverde.org\/web\/wp-json\/wp\/v2\/pages\/124\/revisions"}],"predecessor-version":[{"id":893,"href":"https:\/\/www.redextremaduraverde.org\/web\/wp-json\/wp\/v2\/pages\/124\/revisions\/893"}],"up":[{"embeddable":true,"href":"https:\/\/www.redextremaduraverde.org\/web\/wp-json\/wp\/v2\/pages\/19"}],"wp:attachment":[{"href":"https:\/\/www.redextremaduraverde.org\/web\/wp-json\/wp\/v2\/media?parent=124"}],"curies":[{"name":"wp","href":"https:\/\/api.w.org\/{rel}","templated":true}]}}

Red social verde extremeña

<p>Este proyecto consisten en la creación de una herramienta en internet que permita la interacción y espacio de encuentro entre las personas interesadas en desarrollarse profesionalmente y poner en marcha proyectos relacionados con iniciativas verdes y economía circular.</p>
<h1>DESTINATARIOS</h1>
<p>Población en general</p>
<h1>OBJETIVOS</h1>
<ul>
<li>Crear una herramienta en internet para orientar hacia actividades verdes y economía verde.</li>
<li>Desarrollar un modelo de especialización inteligente.</li>
<li>Desarrollar una economía verde impulsada por la ciudadanía.</li>
<li>Desarrollar un marco regional de concienciación masiva a toda la población extremeña</li>
<li>Crear una cultura verde basada en economía circular.</li>
<li>Convertir el cambio climático en oportunidad para el desarrollo de nuevas profesiones.</li>
<li>Crear una red social en base a proyectos.</li>
<li>Crear comunidades de personas trabajando en torno a proyectos.</li>
</ul>
<h1>ACTUACIONES</h1>
<ul>
<li>1 herramienta tecnológica.</li>
<li>Creación de una Red Social Verde.</li>
<li>Recopilación y maquetación de iniciativas.</li>
</ul>
<h1>MÁS INFORMACIÓN</h1>
<ul>
<li><a href="https://extremadura2030.com/redsocialverde">https://extremadura2030.com/redsocialverde</a></li>
</ul>

<p>Este proyecto consisten en la creación de una herramienta en internet que permita la interacción y espacio de encuentro entre las personas interesadas en desarrollarse profesionalmente y poner en marcha proyectos relacionados con iniciativas verdes y economía circular. DESTINATARIOS Población en general OBJETIVOS Crear una herramienta en internet para orientar hacia actividades verdes y economía verde. Desarrollar un modelo de especialización inteligente. Desarrollar una economía verde impulsada por la ciudadanía. Desarrollar un marco regional de concienciación masiva a toda la&hellip;</p>
