{"id":113,"date":"2017-02-16T09:57:03","date_gmt":"2017-02-16T09:57:03","guid":{"rendered":"http:\/\/redextremaduraverde.org\/web\/?page_id=113"},"modified":"2017-04-12T12:53:29","modified_gmt":"2017-04-12T12:53:29","slug":"gestion-forestal","status":"publish","type":"page","link":"https:\/\/www.redextremaduraverde.org\/web\/proyecto\/gestion-forestal\/","title":{"rendered":"Promoci\u00f3n de la certificaci\u00f3n de la gesti\u00f3n forestal sostenible en la dehesa y sus productos"},"content":{"rendered":"<p>La Certificaci\u00f3n Forestal es un proceso voluntario que avala que la gesti\u00f3n que se lleva a cabo en un terreno forestal es responsable y cumple con criterios de sostenibilidad, entendiendo \u00e9sta desde sus tres perspectivas, ambiental, econ\u00f3mica y social. Para llevar a cabo este proceso, un agente externo independiente, de acuerdo con una norma de Gesti\u00f3n Forestal Sostenible internacionalmente reconocida, eval\u00faa los criterios, par\u00e1metros o indicadores establecidos en la superficie que se quiere certificar. Esto permite que el propietario pueda demostrar a la sociedad que sus bosques est\u00e1n gestionados de forma sostenible constituyendo una herramienta para la conservaci\u00f3n y protecci\u00f3n del patrimonio natural. Con este proyecto se pretende concienciar e implantar iniciativas de promoci\u00f3n de la certificaci\u00f3n forestal.<\/p>\n<h1>DESTINATARIOS<\/h1>\n<p>Fincas p\u00fablicas y privadas de municipios extreme\u00f1os<\/p>\n<h1>OBJETIVOS<\/h1>\n<p>Desarrollar una campa\u00f1a de difusi\u00f3n y concienciaci\u00f3n sobre la certificaci\u00f3n:<\/p>\n<ul>\n<li>Elaborar un mensaje<\/li>\n<li>Identificar actores<\/li>\n<li>Facilitar herramientas y canales para la comunicaci\u00f3n<\/li>\n<li>Definir mecanismos y metodolog\u00edas de asesor\u00eda<\/li>\n<\/ul>\n<p>Informar, crear demanda y facilitar procesos de certificaci\u00f3n<\/p>\n<ul>\n<li>Actualizar y mejorar herramientas y canales de comunicaci\u00f3n<\/li>\n<li>Incrementar el n\u00famero de iniciativas<\/li>\n<li>Informar de experiencias y buenas pr\u00e1cticas<\/li>\n<li>Crear elementos de informaci\u00f3n atractivos<\/li>\n<\/ul>\n<h1>ACTUACIONES<\/h1>\n<ul>\n<li>Campa\u00f1a de concienciaci\u00f3n en municipios.<\/li>\n<li>Jornadas y reuniones de asesoramiento.<\/li>\n<li>Puesta en marcha de proyectos de certificaci\u00f3n de la dehesa y de sus productos.<\/li>\n<\/ul>\n<h1>+ INFORMACI\u00d3N<\/h1>\n<p><a href=\"http:\/\/www.gestionforestalsosteniblex.es\/\">http:\/\/www.gestionforestalsosteniblex.es<\/a><\/p>\n","protected":false},"excerpt":{"rendered":"<p>La Certificaci\u00f3n Forestal es un proceso voluntario que avala que la gesti\u00f3n que se lleva a cabo en un terreno forestal es responsable y cumple con criterios de sostenibilidad, entendiendo \u00e9sta desde sus tres perspectivas, ambiental, econ\u00f3mica y social. Para llevar a cabo este proceso, un agente externo independiente, de acuerdo con una norma de Gesti\u00f3n Forestal Sostenible internacionalmente reconocida, eval\u00faa los criterios, par\u00e1metros o indicadores establecidos en la superficie que se quiere certificar. Esto permite que el propietario pueda&hellip;<\/p>\n","protected":false},"author":3,"featured_media":0,"parent":19,"menu_order":0,"comment_status":"closed","ping_status":"closed","template":"","meta":{"jetpack_post_was_ever_published":false,"footnotes":""},"class_list":["post-113","page","type-page","status-publish","hentry"],"jetpack_sharing_enabled":true,"jetpack_shortlink":"https:\/\/wp.me\/P9MpCs-1P","_links":{"self":[{"href":"https:\/\/www.redextremaduraverde.org\/web\/wp-json\/wp\/v2\/pages\/113","targetHints":{"allow":["GET"]}}],"collection":[{"href":"https:\/\/www.redextremaduraverde.org\/web\/wp-json\/wp\/v2\/pages"}],"about":[{"href":"https:\/\/www.redextremaduraverde.org\/web\/wp-json\/wp\/v2\/types\/page"}],"author":[{"embeddable":true,"href":"https:\/\/www.redextremaduraverde.org\/web\/wp-json\/wp\/v2\/users\/3"}],"replies":[{"embeddable":true,"href":"https:\/\/www.redextremaduraverde.org\/web\/wp-json\/wp\/v2\/comments?post=113"}],"version-history":[{"count":3,"href":"https:\/\/www.redextremaduraverde.org\/web\/wp-json\/wp\/v2\/pages\/113\/revisions"}],"predecessor-version":[{"id":233,"href":"https:\/\/www.redextremaduraverde.org\/web\/wp-json\/wp\/v2\/pages\/113\/revisions\/233"}],"up":[{"embeddable":true,"href":"https:\/\/www.redextremaduraverde.org\/web\/wp-json\/wp\/v2\/pages\/19"}],"wp:attachment":[{"href":"https:\/\/www.redextremaduraverde.org\/web\/wp-json\/wp\/v2\/media?parent=113"}],"curies":[{"name":"wp","href":"https:\/\/api.w.org\/{rel}","templated":true}]}}

Promoción de la certificación de la gestión forestal sostenible en la dehesa y sus productos

<p>La Certificación Forestal es un proceso voluntario que avala que la gestión que se lleva a cabo en un terreno forestal es responsable y cumple con criterios de sostenibilidad, entendiendo ésta desde sus tres perspectivas, ambiental, económica y social. Para llevar a cabo este proceso, un agente externo independiente, de acuerdo con una norma de Gestión Forestal Sostenible internacionalmente reconocida, evalúa los criterios, parámetros o indicadores establecidos en la superficie que se quiere certificar. Esto permite que el propietario pueda demostrar a la sociedad que sus bosques están gestionados de forma sostenible constituyendo una herramienta para la conservación y protección del patrimonio natural. Con este proyecto se pretende concienciar e implantar iniciativas de promoción de la certificación forestal.</p>
<h1>DESTINATARIOS</h1>
<p>Fincas públicas y privadas de municipios extremeños</p>
<h1>OBJETIVOS</h1>
<p>Desarrollar una campaña de difusión y concienciación sobre la certificación:</p>
<ul>
<li>Elaborar un mensaje</li>
<li>Identificar actores</li>
<li>Facilitar herramientas y canales para la comunicación</li>
<li>Definir mecanismos y metodologías de asesoría</li>
</ul>
<p>Informar, crear demanda y facilitar procesos de certificación</p>
<ul>
<li>Actualizar y mejorar herramientas y canales de comunicación</li>
<li>Incrementar el número de iniciativas</li>
<li>Informar de experiencias y buenas prácticas</li>
<li>Crear elementos de información atractivos</li>
</ul>
<h1>ACTUACIONES</h1>
<ul>
<li>Campaña de concienciación en municipios.</li>
<li>Jornadas y reuniones de asesoramiento.</li>
<li>Puesta en marcha de proyectos de certificación de la dehesa y de sus productos.</li>
</ul>
<h1>+ INFORMACIÓN</h1>
<p><a href="http://www.gestionforestalsosteniblex.es/">http://www.gestionforestalsosteniblex.es</a></p>

<p>La Certificación Forestal es un proceso voluntario que avala que la gestión que se lleva a cabo en un terreno forestal es responsable y cumple con criterios de sostenibilidad, entendiendo ésta desde sus tres perspectivas, ambiental, económica y social. Para llevar a cabo este proceso, un agente externo independiente, de acuerdo con una norma de Gestión Forestal Sostenible internacionalmente reconocida, evalúa los criterios, parámetros o indicadores establecidos en la superficie que se quiere certificar. Esto permite que el propietario pueda&hellip;</p>
