{"id":106,"date":"2017-02-16T09:45:38","date_gmt":"2017-02-16T09:45:38","guid":{"rendered":"http:\/\/redextremaduraverde.org\/web\/?page_id=106"},"modified":"2019-03-25T08:16:03","modified_gmt":"2019-03-25T08:16:03","slug":"alianzas-para-extremadura-verde","status":"publish","type":"page","link":"https:\/\/www.redextremaduraverde.org\/web\/proyecto\/alianzas-para-extremadura-verde\/","title":{"rendered":"Alianzas para Extremadura verde"},"content":{"rendered":"<p>Este proyecto consiste en el desarrollo de una campa\u00f1a para la difusi\u00f3n, sensibilizaci\u00f3n y concienciaci\u00f3n sobre los desaf\u00edos que aborda el programa global de \u201cRed municipal de participaci\u00f3n y concienciaci\u00f3n social sobre la econom\u00eda verde y el patrimonio natural de Extremadura\u201d.<\/p>\n<p>La campa\u00f1a se desarrollar\u00e1 en toda Extremadura, tomando como base los municipios y realizando especial hincapi\u00e9 en las Universidades Populares, los centros educativos y asociaciones.<\/p>\n<h1>DESTINATARIOS<\/h1>\n<ul>\n<li>Universidades Populares, centros educativos, asociaciones locales<\/li>\n<li>Ciudadan\u00eda en general<\/li>\n<\/ul>\n<h1>OBJETIVOS<\/h1>\n<ul>\n<li>Sensibilizar a la poblaci\u00f3n de Extremadura sobre los desaf\u00edos del cambio clim\u00e1tico, la econom\u00eda circular y la dehesa.<\/li>\n<li>Crear una conciencia compartida en la sociedad extreme\u00f1a de los retos y oportunidades en torno a un nuevo modelo productivo de econom\u00eda verde y sostenible.<\/li>\n<li>Generar buenas pr\u00e1cticas de intervenci\u00f3n en materia de econom\u00eda verde y el patrimonio natural.<\/li>\n<\/ul>\n<h1>ACTUACIONES<\/h1>\n<ul>\n<li>Reuniones zonales en municipios.<\/li>\n<li>Campa\u00f1a de concienciaci\u00f3n\/sensibilizaci\u00f3n en:\n<ul>\n<li><a href=\"http:\/\/redextremaduraverde.org\/descargas\/Alianzasverdes_uupp.pdf\">Universidades populares\u00a0y asociaciones locales<\/a><\/li>\n<li><a href=\"http:\/\/redextremaduraverde.org\/descargas\/Alianzasverdes_centrosedu.pdf\">Centros educativos<\/a><\/li>\n<\/ul>\n<\/li>\n<li>Gu\u00eda de buenas pr\u00e1cticas<\/li>\n<\/ul>\n<p>[cl-popup title=\u00bbDescarga Kit Extremadura 2030&#8243; btn_label=\u00bbDescarga el kit Extremadura 2030&#8243; size=\u00bbl\u00bb]<iframe loading=\"lazy\" style=\"width: 100%; height: 630px;\" src=\"http:\/\/redextremaduraverde.org\/web\/formulario_descargakit.php\" width=\"300\" height=\"150\"><\/iframe>[\/cl-popup]<\/p>\n<p><a href=\"http:\/\/redextremaduraverde.org\/web\/wp-content\/uploads\/2019\/03\/Econom\u00eda-circular-desde-y-para-el-municipio.pdf\">Descarga la publicaci\u00f3n \u00abEconom\u00eda verde y circular desde y para el municipio\u00bb.<\/a><\/p>\n","protected":false},"excerpt":{"rendered":"<p>Este proyecto consiste en el desarrollo de una campa\u00f1a para la difusi\u00f3n, sensibilizaci\u00f3n y concienciaci\u00f3n sobre los desaf\u00edos que aborda el programa global de \u201cRed municipal de participaci\u00f3n y concienciaci\u00f3n social sobre la econom\u00eda verde y el patrimonio natural de Extremadura\u201d. La campa\u00f1a se desarrollar\u00e1 en toda Extremadura, tomando como base los municipios y realizando especial hincapi\u00e9 en las Universidades Populares, los centros educativos y asociaciones. DESTINATARIOS Universidades Populares, centros educativos, asociaciones locales Ciudadan\u00eda en general OBJETIVOS Sensibilizar a la&hellip;<\/p>\n","protected":false},"author":3,"featured_media":0,"parent":19,"menu_order":0,"comment_status":"closed","ping_status":"closed","template":"","meta":{"jetpack_post_was_ever_published":false,"footnotes":""},"class_list":["post-106","page","type-page","status-publish","hentry"],"jetpack_sharing_enabled":true,"jetpack_shortlink":"https:\/\/wp.me\/P9MpCs-1I","_links":{"self":[{"href":"https:\/\/www.redextremaduraverde.org\/web\/wp-json\/wp\/v2\/pages\/106","targetHints":{"allow":["GET"]}}],"collection":[{"href":"https:\/\/www.redextremaduraverde.org\/web\/wp-json\/wp\/v2\/pages"}],"about":[{"href":"https:\/\/www.redextremaduraverde.org\/web\/wp-json\/wp\/v2\/types\/page"}],"author":[{"embeddable":true,"href":"https:\/\/www.redextremaduraverde.org\/web\/wp-json\/wp\/v2\/users\/3"}],"replies":[{"embeddable":true,"href":"https:\/\/www.redextremaduraverde.org\/web\/wp-json\/wp\/v2\/comments?post=106"}],"version-history":[{"count":17,"href":"https:\/\/www.redextremaduraverde.org\/web\/wp-json\/wp\/v2\/pages\/106\/revisions"}],"predecessor-version":[{"id":1088,"href":"https:\/\/www.redextremaduraverde.org\/web\/wp-json\/wp\/v2\/pages\/106\/revisions\/1088"}],"up":[{"embeddable":true,"href":"https:\/\/www.redextremaduraverde.org\/web\/wp-json\/wp\/v2\/pages\/19"}],"wp:attachment":[{"href":"https:\/\/www.redextremaduraverde.org\/web\/wp-json\/wp\/v2\/media?parent=106"}],"curies":[{"name":"wp","href":"https:\/\/api.w.org\/{rel}","templated":true}]}}

<p>Este proyecto consiste en el desarrollo de una campaña para la difusión, sensibilización y concienciación sobre los desafíos que aborda el programa global de “Red municipal de participación y concienciación social sobre la economía verde y el patrimonio natural de Extremadura”.</p>
<p>La campaña se desarrollará en toda Extremadura, tomando como base los municipios y realizando especial hincapié en las Universidades Populares, los centros educativos y asociaciones.</p>
<h1>DESTINATARIOS</h1>
<ul>
<li>Universidades Populares, centros educativos, asociaciones locales</li>
<li>Ciudadanía en general</li>
</ul>
<h1>OBJETIVOS</h1>
<ul>
<li>Sensibilizar a la población de Extremadura sobre los desafíos del cambio climático, la economía circular y la dehesa.</li>
<li>Crear una conciencia compartida en la sociedad extremeña de los retos y oportunidades en torno a un nuevo modelo productivo de economía verde y sostenible.</li>
<li>Generar buenas prácticas de intervención en materia de economía verde y el patrimonio natural.</li>
</ul>
<h1>ACTUACIONES</h1>
<ul>
<li>Reuniones zonales en municipios.</li>
<li>Campaña de concienciación/sensibilización en:
<ul>
<li><a href="http://redextremaduraverde.org/descargas/Alianzasverdes_uupp.pdf">Universidades populares y asociaciones locales</a></li>
<li><a href="http://redextremaduraverde.org/descargas/Alianzasverdes_centrosedu.pdf">Centros educativos</a></li>
</ul>
</li>
<li>Guía de buenas prácticas</li>
</ul>
<p>[cl-popup title=»Descarga Kit Extremadura 2030&#8243; btn_label=»Descarga el kit Extremadura 2030&#8243; size=»l»]<iframe loading="lazy" style="width: 100%; height: 630px;" src="http://redextremaduraverde.org/web/formulario_descargakit.php" width="300" height="150"></iframe>[/cl-popup]</p>
<p><a href="http://redextremaduraverde.org/web/wp-content/uploads/2019/03/Economía-circular-desde-y-para-el-municipio.pdf">Descarga la publicación «Economía verde y circular desde y para el municipio».</a></p>

<p>Este proyecto consiste en el desarrollo de una campaña para la difusión, sensibilización y concienciación sobre los desafíos que aborda el programa global de “Red municipal de participación y concienciación social sobre la economía verde y el patrimonio natural de Extremadura”. La campaña se desarrollará en toda Extremadura, tomando como base los municipios y realizando especial hincapié en las Universidades Populares, los centros educativos y asociaciones. DESTINATARIOS Universidades Populares, centros educativos, asociaciones locales Ciudadanía en general OBJETIVOS Sensibilizar a la&hellip;</p>
